{"id":1654,"date":"2024-01-08T16:58:54","date_gmt":"2024-01-08T16:58:54","guid":{"rendered":"https:\/\/frameyoustore.com\/?post_type=product&#038;p=1654"},"modified":"2025-06-10T13:29:09","modified_gmt":"2025-06-10T13:29:09","slug":"babygirl","status":"publish","type":"product","link":"https:\/\/frameyoustore.com\/index.php\/produto\/babygirl\/","title":{"rendered":"Baby Girl &#8211; Essenciais"},"content":{"rendered":"<p>Procuras um presente para oferecer num ch\u00e1 de beb\u00e9 ou na primeira visita ao beb\u00e9? A nossa Box Presente pode ser o presente que procuras.<\/p>\n<p><u>O que inclui?<\/u><\/p>\n<ul>\n<li>Uma Box Presente (Tema: Baby Girl &#8211; Cor de Rosa).<\/li>\n<li>1 Chocalho de silicone (perfeito para os primeiros sons e dentes);<\/li>\n<li>1 Mini ursinho &#8211; Porta-Chaves;<\/li>\n<li>1 Porta-chupetas de tecido (seguro e sem risco de engasgamento) &#8211; Personalizado;<\/li>\n<li>1 Postal &#8211; Personalizado.<\/li>\n<\/ul>\n","protected":false},"excerpt":{"rendered":"<p>Procuras um presente para oferecer num ch\u00e1 de beb\u00e9 ou na primeira visita ao beb\u00e9?<\/p>\n","protected":false},"featured_media":5331,"comment_status":"open","ping_status":"closed","template":"","meta":{"_uag_custom_page_level_css":""},"product_brand":[],"product_cat":[23,19,99],"product_tag":[],"class_list":{"0":"post-1654","1":"product","2":"type-product","3":"status-publish","4":"has-post-thumbnail","6":"product_cat-mama-bebe","7":"product_cat-presentes","8":"product_cat-saldos","10":"first","11":"instock","12":"sale","13":"taxable","14":"shipping-taxable","15":"purchasable","16":"product-type-simple"},"uagb_featured_image_src":{"full":["https:\/\/frameyoustore.com\/wp-content\/uploads\/2025\/06\/WhatsApp-Image-2025-06-09-at-20.57.19-2.jpeg",1200,1600,false],"thumbnail":["https:\/\/frameyoustore.com\/wp-content\/uploads\/2025\/06\/WhatsApp-Image-2025-06-09-at-20.57.19-2-150x150.jpeg",150,150,true],"medium":["https:\/\/frameyoustore.com\/wp-content\/uploads\/2025\/06\/WhatsApp-Image-2025-06-09-at-20.57.19-2-225x300.jpeg",225,300,true],"medium_large":["https:\/\/frameyoustore.com\/wp-content\/uploads\/2025\/06\/WhatsApp-Image-2025-06-09-at-20.57.19-2-768x1024.jpeg",768,1024,true],"large":["https:\/\/frameyoustore.com\/wp-content\/uploads\/2025\/06\/WhatsApp-Image-2025-06-09-at-20.57.19-2-768x1024.jpeg",768,1024,true],"1536x1536":["https:\/\/frameyoustore.com\/wp-content\/uploads\/2025\/06\/WhatsApp-Image-2025-06-09-at-20.57.19-2-1152x1536.jpeg",1152,1536,true],"2048x2048":["https:\/\/frameyoustore.com\/wp-content\/uploads\/2025\/06\/WhatsApp-Image-2025-06-09-at-20.57.19-2.jpeg",1200,1600,false],"portfolio-thumb":["https:\/\/frameyoustore.com\/wp-content\/uploads\/2025\/06\/WhatsApp-Image-2025-06-09-at-20.57.19-2-600x403.jpeg",600,403,true],"nectar_small_square":["https:\/\/frameyoustore.com\/wp-content\/uploads\/2025\/06\/WhatsApp-Image-2025-06-09-at-20.57.19-2-140x140.jpeg",140,140,true],"portfolio-thumb_large":["https:\/\/frameyoustore.com\/wp-content\/uploads\/2025\/06\/WhatsApp-Image-2025-06-09-at-20.57.19-2-900x604.jpeg",900,604,true],"portfolio-thumb_small":["https:\/\/frameyoustore.com\/wp-content\/uploads\/2025\/06\/WhatsApp-Image-2025-06-09-at-20.57.19-2-400x269.jpeg",400,269,true],"portfolio-widget":["https:\/\/frameyoustore.com\/wp-content\/uploads\/2025\/06\/WhatsApp-Image-2025-06-09-at-20.57.19-2-100x100.jpeg",100,100,true],"regular":["https:\/\/frameyoustore.com\/wp-content\/uploads\/2025\/06\/WhatsApp-Image-2025-06-09-at-20.57.19-2-500x500.jpeg",500,500,true],"regular_photography":["https:\/\/frameyoustore.com\/wp-content\/uploads\/2025\/06\/WhatsApp-Image-2025-06-09-at-20.57.19-2-450x600.jpeg",450,600,true],"regular_small":["https:\/\/frameyoustore.com\/wp-content\/uploads\/2025\/06\/WhatsApp-Image-2025-06-09-at-20.57.19-2-350x350.jpeg",350,350,true],"regular_photography_small":["https:\/\/frameyoustore.com\/wp-content\/uploads\/2025\/06\/WhatsApp-Image-2025-06-09-at-20.57.19-2-350x467.jpeg",350,467,true],"wide_tall":["https:\/\/frameyoustore.com\/wp-content\/uploads\/2025\/06\/WhatsApp-Image-2025-06-09-at-20.57.19-2-1000x1000.jpeg",1000,1000,true],"wide_tall_photography":["https:\/\/frameyoustore.com\/wp-content\/uploads\/2025\/06\/WhatsApp-Image-2025-06-09-at-20.57.19-2-900x1200.jpeg",900,1200,true],"wide_photography":["https:\/\/frameyoustore.com\/wp-content\/uploads\/2025\/06\/WhatsApp-Image-2025-06-09-at-20.57.19-2-900x600.jpeg",900,600,true],"wide_photography_small":["https:\/\/frameyoustore.com\/wp-content\/uploads\/2025\/06\/WhatsApp-Image-2025-06-09-at-20.57.19-2-675x450.jpeg",675,450,true],"large_featured":["https:\/\/frameyoustore.com\/wp-content\/uploads\/2025\/06\/WhatsApp-Image-2025-06-09-at-20.57.19-2-1200x770.jpeg",1200,770,true],"medium_featured":["https:\/\/frameyoustore.com\/wp-content\/uploads\/2025\/06\/WhatsApp-Image-2025-06-09-at-20.57.19-2-800x800.jpeg",800,800,true],"woocommerce_thumbnail":["https:\/\/frameyoustore.com\/wp-content\/uploads\/2025\/06\/WhatsApp-Image-2025-06-09-at-20.57.19-2-300x300.jpeg",300,300,true],"woocommerce_single":["https:\/\/frameyoustore.com\/wp-content\/uploads\/2025\/06\/WhatsApp-Image-2025-06-09-at-20.57.19-2-800x1000.jpeg",800,1000,true],"woocommerce_gallery_thumbnail":["https:\/\/frameyoustore.com\/wp-content\/uploads\/2025\/06\/WhatsApp-Image-2025-06-09-at-20.57.19-2-150x150.jpeg",150,150,true]},"uagb_author_info":{"display_name":"admin","author_link":"https:\/\/frameyoustore.com\/index.php\/author\/"},"uagb_comment_info":0,"uagb_excerpt":"Procuras um presente para oferecer num ch\u00e1 de beb\u00e9 ou na primeira visita ao beb\u00e9?","jetpack_sharing_enabled":true,"_links":{"self":[{"href":"https:\/\/frameyoustore.com\/index.php\/wp-json\/wp\/v2\/product\/1654","targetHints":{"allow":["GET"]}}],"collection":[{"href":"https:\/\/frameyoustore.com\/index.php\/wp-json\/wp\/v2\/product"}],"about":[{"href":"https:\/\/frameyoustore.com\/index.php\/wp-json\/wp\/v2\/types\/product"}],"replies":[{"embeddable":true,"href":"https:\/\/frameyoustore.com\/index.php\/wp-json\/wp\/v2\/comments?post=1654"}],"wp:featuredmedia":[{"embeddable":true,"href":"https:\/\/frameyoustore.com\/index.php\/wp-json\/wp\/v2\/media\/5331"}],"wp:attachment":[{"href":"https:\/\/frameyoustore.com\/index.php\/wp-json\/wp\/v2\/media?parent=1654"}],"wp:term":[{"taxonomy":"product_brand","embeddable":true,"href":"https:\/\/frameyoustore.com\/index.php\/wp-json\/wp\/v2\/product_brand?post=1654"},{"taxonomy":"product_cat","embeddable":true,"href":"https:\/\/frameyoustore.com\/index.php\/wp-json\/wp\/v2\/product_cat?post=1654"},{"taxonomy":"product_tag","embeddable":true,"href":"https:\/\/frameyoustore.com\/index.php\/wp-json\/wp\/v2\/product_tag?post=1654"}],"curies":[{"name":"wp","href":"https:\/\/api.w.org\/{rel}","templated":true}]}}