{"id":1852,"date":"2024-01-10T10:58:16","date_gmt":"2024-01-10T10:58:16","guid":{"rendered":"https:\/\/frameyoustore.com\/?post_type=product&#038;p=1852"},"modified":"2025-06-10T12:30:21","modified_gmt":"2025-06-10T12:30:21","slug":"balao-decorativo","status":"publish","type":"product","link":"https:\/\/frameyoustore.com\/index.php\/produto\/balao-decorativo\/","title":{"rendered":"Bal\u00e3o Decorativo &#8211; Personalizado"},"content":{"rendered":"<p>O nosso bal\u00e3o decorativo \u00e9 a pe\u00e7a de decora\u00e7\u00e3o que faltava no quarto de qualquer beb\u00e9\/crian\u00e7a. Est\u00e1 preparado para ser pendurado na parede (gra\u00e7as ao seu encaixe na parte traseira) e pode ser personalizado como mais gostares.<\/p>\n<p><strong><u>Informa\u00e7\u00f5es adicionais:<\/u><\/strong><\/p>\n<p>Medidas: 28&#215;22 cm<\/p>\n<p>Cor: Bege<\/p>\n","protected":false},"excerpt":{"rendered":"<p>O nosso bal\u00e3o decorativo \u00e9 a pe\u00e7a de decora\u00e7\u00e3o que faltava no quarto de qualquer beb\u00e9\/crian\u00e7a.<\/p>\n","protected":false},"featured_media":5317,"comment_status":"open","ping_status":"closed","template":"","meta":{"_uag_custom_page_level_css":""},"product_brand":[],"product_cat":[23,19],"product_tag":[],"class_list":{"0":"post-1852","1":"product","2":"type-product","3":"status-publish","4":"has-post-thumbnail","6":"product_cat-mama-bebe","7":"product_cat-presentes","9":"first","10":"instock","11":"taxable","12":"shipping-taxable","13":"purchasable","14":"product-type-simple"},"uagb_featured_image_src":{"full":["https:\/\/frameyoustore.com\/wp-content\/uploads\/2025\/06\/WhatsApp-Image-2025-06-09-at-20.56.54-1.jpeg",1439,1918,false],"thumbnail":["https:\/\/frameyoustore.com\/wp-content\/uploads\/2025\/06\/WhatsApp-Image-2025-06-09-at-20.56.54-1-150x150.jpeg",150,150,true],"medium":["https:\/\/frameyoustore.com\/wp-content\/uploads\/2025\/06\/WhatsApp-Image-2025-06-09-at-20.56.54-1-225x300.jpeg",225,300,true],"medium_large":["https:\/\/frameyoustore.com\/wp-content\/uploads\/2025\/06\/WhatsApp-Image-2025-06-09-at-20.56.54-1-768x1024.jpeg",768,1024,true],"large":["https:\/\/frameyoustore.com\/wp-content\/uploads\/2025\/06\/WhatsApp-Image-2025-06-09-at-20.56.54-1-768x1024.jpeg",768,1024,true],"1536x1536":["https:\/\/frameyoustore.com\/wp-content\/uploads\/2025\/06\/WhatsApp-Image-2025-06-09-at-20.56.54-1-1152x1536.jpeg",1152,1536,true],"2048x2048":["https:\/\/frameyoustore.com\/wp-content\/uploads\/2025\/06\/WhatsApp-Image-2025-06-09-at-20.56.54-1.jpeg",1439,1918,false],"portfolio-thumb":["https:\/\/frameyoustore.com\/wp-content\/uploads\/2025\/06\/WhatsApp-Image-2025-06-09-at-20.56.54-1-600x403.jpeg",600,403,true],"nectar_small_square":["https:\/\/frameyoustore.com\/wp-content\/uploads\/2025\/06\/WhatsApp-Image-2025-06-09-at-20.56.54-1-140x140.jpeg",140,140,true],"portfolio-thumb_large":["https:\/\/frameyoustore.com\/wp-content\/uploads\/2025\/06\/WhatsApp-Image-2025-06-09-at-20.56.54-1-900x604.jpeg",900,604,true],"portfolio-thumb_small":["https:\/\/frameyoustore.com\/wp-content\/uploads\/2025\/06\/WhatsApp-Image-2025-06-09-at-20.56.54-1-400x269.jpeg",400,269,true],"portfolio-widget":["https:\/\/frameyoustore.com\/wp-content\/uploads\/2025\/06\/WhatsApp-Image-2025-06-09-at-20.56.54-1-100x100.jpeg",100,100,true],"regular":["https:\/\/frameyoustore.com\/wp-content\/uploads\/2025\/06\/WhatsApp-Image-2025-06-09-at-20.56.54-1-500x500.jpeg",500,500,true],"regular_photography":["https:\/\/frameyoustore.com\/wp-content\/uploads\/2025\/06\/WhatsApp-Image-2025-06-09-at-20.56.54-1-450x600.jpeg",450,600,true],"regular_small":["https:\/\/frameyoustore.com\/wp-content\/uploads\/2025\/06\/WhatsApp-Image-2025-06-09-at-20.56.54-1-350x350.jpeg",350,350,true],"regular_photography_small":["https:\/\/frameyoustore.com\/wp-content\/uploads\/2025\/06\/WhatsApp-Image-2025-06-09-at-20.56.54-1-350x467.jpeg",350,467,true],"wide_tall":["https:\/\/frameyoustore.com\/wp-content\/uploads\/2025\/06\/WhatsApp-Image-2025-06-09-at-20.56.54-1-1000x1000.jpeg",1000,1000,true],"wide_tall_photography":["https:\/\/frameyoustore.com\/wp-content\/uploads\/2025\/06\/WhatsApp-Image-2025-06-09-at-20.56.54-1-900x1200.jpeg",900,1200,true],"wide_photography":["https:\/\/frameyoustore.com\/wp-content\/uploads\/2025\/06\/WhatsApp-Image-2025-06-09-at-20.56.54-1-900x600.jpeg",900,600,true],"wide_photography_small":["https:\/\/frameyoustore.com\/wp-content\/uploads\/2025\/06\/WhatsApp-Image-2025-06-09-at-20.56.54-1-675x450.jpeg",675,450,true],"large_featured":["https:\/\/frameyoustore.com\/wp-content\/uploads\/2025\/06\/WhatsApp-Image-2025-06-09-at-20.56.54-1-1439x770.jpeg",1439,770,true],"medium_featured":["https:\/\/frameyoustore.com\/wp-content\/uploads\/2025\/06\/WhatsApp-Image-2025-06-09-at-20.56.54-1-800x800.jpeg",800,800,true],"woocommerce_thumbnail":["https:\/\/frameyoustore.com\/wp-content\/uploads\/2025\/06\/WhatsApp-Image-2025-06-09-at-20.56.54-1-300x300.jpeg",300,300,true],"woocommerce_single":["https:\/\/frameyoustore.com\/wp-content\/uploads\/2025\/06\/WhatsApp-Image-2025-06-09-at-20.56.54-1-800x1000.jpeg",800,1000,true],"woocommerce_gallery_thumbnail":["https:\/\/frameyoustore.com\/wp-content\/uploads\/2025\/06\/WhatsApp-Image-2025-06-09-at-20.56.54-1-150x150.jpeg",150,150,true]},"uagb_author_info":{"display_name":"Vanessa Soares","author_link":"https:\/\/frameyoustore.com\/index.php\/author\/"},"uagb_comment_info":1,"uagb_excerpt":"O nosso bal\u00e3o decorativo \u00e9 a pe\u00e7a de decora\u00e7\u00e3o que faltava no quarto de qualquer beb\u00e9\/crian\u00e7a.","jetpack_sharing_enabled":true,"_links":{"self":[{"href":"https:\/\/frameyoustore.com\/index.php\/wp-json\/wp\/v2\/product\/1852","targetHints":{"allow":["GET"]}}],"collection":[{"href":"https:\/\/frameyoustore.com\/index.php\/wp-json\/wp\/v2\/product"}],"about":[{"href":"https:\/\/frameyoustore.com\/index.php\/wp-json\/wp\/v2\/types\/product"}],"replies":[{"embeddable":true,"href":"https:\/\/frameyoustore.com\/index.php\/wp-json\/wp\/v2\/comments?post=1852"}],"wp:featuredmedia":[{"embeddable":true,"href":"https:\/\/frameyoustore.com\/index.php\/wp-json\/wp\/v2\/media\/5317"}],"wp:attachment":[{"href":"https:\/\/frameyoustore.com\/index.php\/wp-json\/wp\/v2\/media?parent=1852"}],"wp:term":[{"taxonomy":"product_brand","embeddable":true,"href":"https:\/\/frameyoustore.com\/index.php\/wp-json\/wp\/v2\/product_brand?post=1852"},{"taxonomy":"product_cat","embeddable":true,"href":"https:\/\/frameyoustore.com\/index.php\/wp-json\/wp\/v2\/product_cat?post=1852"},{"taxonomy":"product_tag","embeddable":true,"href":"https:\/\/frameyoustore.com\/index.php\/wp-json\/wp\/v2\/product_tag?post=1852"}],"curies":[{"name":"wp","href":"https:\/\/api.w.org\/{rel}","templated":true}]}}